inder when 6438 is divided by 254?
88
Calculate the remainder when 2705 is divided by 1156.
393
Calculate the remainder when 12755 is divided by 32.
19
What is the remainder when 81146 is divided by 152?
130
What is the remainder when 2075026 is divided by 479?
477
Calculate the remainder when 12000 is divided by 5985.
30
Calculate the remainder when 2121 is divided by 212.
1
Calculate the remainder when 4761 is divided by 52.
29
Calculate the remainder when 521 is divided by 130.
1
What is the remainder when 88032 is divided by 56?
0
What is the remainder when 11164 is divided by 46?
32
Calculate the remainder when 2368 is divided by 257.
55
Calculate the remainder when 282615 is divided by 45.
15
What is the remainder when 2218 is divided by 727?
37
Calculate the remainder when 761397 is divided by 20.
17
Calculate the remainder when 20100 is divided by 4959.
264
What is the remainder when 36241 is divided by 94?
51
What is the remainder when 4776 is divided by 37?
3
Calculate the remainder when 91480 is divided by 30462.
94
Calculate the remainder when 21194 is divided by 139.
66
What is the remainder when 14270 is divided by 230?
10
What is the remainder when 986 is divided by 974?
12
What is the remainder when 99537 is divided by 33175?
12
What is the remainder when 35456 is divided by 200?
56
Calculate the remainder when 25469 is divided by 5091.
14
What is the remainder when 18909 is divided by 701?
683
What is the remainder when 1792743 is divided by 23?
8
Calculate the remainder when 366 is divided by 147.
72
Calculate the remainder when 2329 is divided by 221.
119
Calculate the remainder when 1309 is divided by 33.
22
Calculate the remainder when 8341 is divided by 738.
223
Calculate the remainder when 104662 is divided by 3488.
22
Calculate the remainder when 26429 is divided by 27.
23
What is the remainder when 488652 is divided by 32576?
12
What is the remainder when 1969 is divided by 977?
15
What is the remainder when 511004 is divided by 33?
32
What is the remainder when 876 is divided by 722?
154
What is the remainder when 2201 is divided by 27?
14
What is the remainder when 1727495 is divided by 359?
346
What is the remainder when 28700 is divided by 127?
125
What is the remainder when 329865 is divided by 462?
459
Calculate the remainder when 352408 is divided by 691.
689
Calculate the remainder when 47698 is divided by 122.
118
Calculate the remainder when 52484 is divided by 1640.
4
What is the remainder when 23631 is divided by 621?
33
What is the remainder when 222874 is divided by 246?
244
What is the remainder when 193155 is divided by 882?
879
Calculate the remainder when 10542 is divided by 752.
14
Calculate the remainder when 761 is divided by 194.
179
Calculate the remainder when 14201 is divided by 145.
136
Calculate the remainder when 4467 is divided by 74.
27
What is the remainder when 16095 is divided by 131?
113
What is the remainder when 4176639 is divided by 260?
259
What is the remainder when 822 is divided by 154?
52
Calculate the remainder when 37338 is divided by 18655.
28
Calculate the remainder when 15691 is divided by 39.
13
What is the remainder when 201126 is divided by 67010?
96
What is the remainder when 57035 is divided by 7?
6
Calculate the remainder when 45242 is divided by 9.
8
Calculate the remainder when 84723 is divided by 18.
15
Calculate the remainder when 1164 is divided by 139.
52
Calculate the remainder when 70357 is divided by 482.
467
Calculate the remainder when 2252 is divided by 234.
146
What is the remainder when 9607 is divided by 21?
10
What is the remainder when 94597 is divided by 946?
943
Calculate the remainder when 27420 is divided by 9132.
24
Calculate the remainder when 6281 is divided by 103.
101
What is the remainder when 730 is divided by 209?
103
Calculate the remainder when 45964 is divided by 22962.
40
What is the remainder when 1505 is divided by 1083?
422
What is the remainder when 62713 is divided by 2608?
121
What is the remainder when 671024 is divided by 226?
30
Calculate the remainder when 60677 is divided by 626.
581
Calculate the remainder when 3855 is divided by 1291.
1273
Calculate the remainder when 635 is divided by 110.
85
What is the remainder when 590464 is divided by 4473?
28
What is the remainder when 219 is divided by 140?
79
Calculate the remainder when 382 is divided by 207.
175
Calculate the remainder when 1329 is divided by 258.
39
What is the remainder when 5613 is divided by 304?
141
What is the remainder when 18323 is divided by 504?
179
What is the remainder when 2532039 is divided by 978?
975
Calculate the remainder when 227910 is divided by 96.
6
What is the remainder when 33501 is divided by 208?
13
What is the remainder when 28129 is divided by 556?
329
What is the remainder when 4219 is divided by 157?
137
What is the remainder when 703244 is divided by 336?
332
What is the remainder when 12923 is divided by 734?
445
What is the remainder when 4501363 is divided by 14?
13
What is the remainder when 4537 is divided by 30?
7
What is the remainder when 1713625 is divided by 1249?
1246
Calculate the remainder when 5232 is divided by 21.
3
Calculate the remainder when 54560 is divided by 7.
2
What is the remainder when 4288 is divided by 2129?
30
What is the remainder when 46935 is divided by 2929?
71
What is the remainder when 22906 is divided by 848?
10
Calculate the remainder when 1284404 is divided by 302.
300
What is the remainder when 1052 is divided by 397?
258
Calculate the remainder when 125057 is divided by 338.
335
What is the remainder when 82961 is divided by 63?
53
What is the remainder when 51593 is divided by 11?
3
Calculate the remainder when 15067 is divided by 20.
7
What is the remainder when 238154 is divided by 19?
8
Calculate the remainder when 227402 is divided by 663.
656
Calculate the remainder when 138205 is divided by 299.
67
Calculate the remainder when 76281 is divided by 12712.
9
Calculate the remainder when 4589 is divided by 199.
12
Calculate the remainder when 2999 is divided by 440.
359
Calculate the remainder when 650472 is divided by 413.
410
What is the remainder when 6113914 is divided by 9?
7
What is the remainder when 730216 is divided by 25?
16
What is the remainder when 5137 is divided by 2485?
167
Calculate the remainder when 53693 is divided by 9.
8
Calculate the remainder when 12120 is divided by 874.
758
Calculate the remainder when 24648 is divided by 19.
5
What is the remainder when 23908 is divided by 5976?
4
Calculate the remainder when 14759 is divided by 567.
17
What is the remainder when 7393 is divided by 1228?
25
Calculate the remainder when 14770 is divided by 2950.
20
What is the remainder when 570 is divided by 251?
68
What is the remainder when 39673 is divided by 117?
10
What is the remainder when 7090 is divided by 28?
6
Calculate the remainder when 9024 is divided by 2187.
276
Calculate the remainder when 7036 is divided by 160.
156
What is the remainder when 23980 is divided by 107?
12
What is the remainder when 1026514 is divided by 88?
82
What is the remainder when 108417 is divided by 20?
17
Calculate the remainder when 933749 is divided by 8.
5
What is the remainder when 1922 is divided by 560?
242
What is the remainder when 30465 is divided by 290?
15
Calculate the remainder when 424102 is divided by 6.
4
Calculate the remainder when 19061 is divided by 166.
137
Calculate the remainder when 36534 is divided by 161.
148
Calculate the remainder when 30041 is divided by 74.
71
What is the remainder when 147342 is divided by 47?
44
What is the remainder when 99885 is divided by 238?
163
What is the remainder when 9600 is divided by 253?
239
What is the remainder when 239919 is divided by 17?
15
Calculate the remainder when 40793 is divided by 205.
203
What is the remainder when 1981 is divided by 837?
307
What is the remainder when 17705 is divided by 1935?
290
What is the remainder when 8263 is divided by 55?
13
What is the remainder when 3288 is divided by 298?
10
Calculate the remainder when 8460 is divided by 110.
100
What is the remainder when 109953 is divided by 238?
235
Calculate the remainder when 9052 is divided by 645.
22
What is the remainder when 4527 is div